{"id":110,"date":"2017-01-09T19:42:31","date_gmt":"2017-01-09T18:42:31","guid":{"rendered":"http:\/\/install.wolgast.de\/wordpress\/?page_id=110"},"modified":"2022-08-08T14:12:14","modified_gmt":"2022-08-08T12:12:14","slug":"schulsozialarbeit-konfliktvermittler","status":"publish","type":"page","link":"https:\/\/kosegartenschule.wolgast.de\/index.php\/schulsozialarbeit-konfliktvermittler\/","title":{"rendered":"Schulsozialarbeit &#038; Konfliktvermittler"},"content":{"rendered":"<p><strong>Schulsozialarbeit<\/strong> verfolgt das Ziel, Jungen und M\u00e4dchen in ihrer individuellen und sozialen Entwicklung unter Ber\u00fccksichtigung der unterschiedlichen Lebenslagen zu unterst\u00fctzen und zu f\u00f6rdern.<\/p>\n<p>Sie tr\u00e4gt dazu bei, soziale Benachteiligungen zu vermeiden bzw. abzubauen, indem sie Ausgrenzungen entgegenwirkt und Sch\u00fclern mit Migrationshintergrund bei der Integration in ihrem neuen Umfeld zur Seite steht.<\/p>\n<p>Sie unterst\u00fctzt die Sch\u00fcler und Sch\u00fclerinnen darin, ihre St\u00e4rken zu erkennen, Ressourcen zu erschlie\u00dfen und gibt Hilfe zur Selbsthilfe. Durch gezielte sozialp\u00e4dagogische Hilfe leistet sie einen Beitrag zum erfolgreichen Abschluss der Schulzeit und einem gut vorbereiteten \u00dcbergang in die Berufsausbildung.<\/p>\n<p>In enger Kooperation mit Eltern und Lehrern \u00fcbernimmt die Schulsozialarbeit eine \u201eScharnierfunktion\u201c zwischen den Sozialisationsinstanzen. Sie f\u00f6rdert Eigeninitiative und Verantwortungsbewusstsein der Sch\u00fclerinnen und Sch\u00fcler.<\/p>\n<p>Die Schulsozialarbeit leistet durch entsprechende Pr\u00e4ventionsangebote einen Beitrag zum Kinderund Jugendschutz und tr\u00e4gt somit zur Umsetzung des gesundheitsf\u00f6rdernden Profils unserer Schule bei. Hierbei greift sie auf ein umfangreiches Netzwerk zur\u00fcck.<\/p>\n<p>Die Schulsozialarbeit richtet sich an alle Jungen und M\u00e4dchen der Schule, insbesondere jedoch an jene in besonderen Lebenssituationen. Zur Unterst\u00fctzung der Arbeit der Schulsozialarbeiterin gibt es an unserer Schule \u201eStreitschlichter\u201c, an die sich die Sch\u00fcler gleichfalls wenden k\u00f6nnen, um die Probleme zu l\u00f6sen.<\/p>\n<p><strong>Soziale Gruppenarbeit:<\/strong><\/p>\n<ul>\n<li>\u201eSchwarzes Theater\u201c (erlebnisorientierte Inhalte)<\/li>\n<li>Hausaufgaben- und Lernhilfe<\/li>\n<\/ul>\n<p><strong>Berufsfr\u00fchorientierung:<\/strong><\/p>\n<ul>\n<li>Vorbereitung \u201eGirls day\u201c (Begleitung einer Gruppe)<\/li>\n<li>Bewerbungs- und Orientierungshilfen<\/li>\n<li>Vorbereitung und Begleitung des \u201eHolzprojektes\u201c<\/li>\n<li>in Kooperation mit der Kreisdiakonie<\/li>\n<\/ul>\n<p><strong>Elternarbeit:<\/strong><\/p>\n<ul>\n<li>Teilnahme an Elternsprechtagen und Elternversammlungen<\/li>\n<li>Vorbereitung der Gesamtelternversammlung<\/li>\n<li>Beratungsgespr\u00e4che und Vermittlungshilfen<\/li>\n<\/ul>\n<p><strong>Pr\u00e4ventionsangebote:<\/strong><\/p>\n<ul>\n<li>Anti-Gewalt-Projekt (Interventionsstelle)<\/li>\n<li>\u201eBabybedenkzeit\u201c (Pr\u00e4vention v. Teenagerschwangerschaften)<\/li>\n<li>&#8222;S\u00fcchte\u201c (Drogenberatung &#8211; Volkssolidarit\u00e4t Anklam)<\/li>\n<li>Unfallgeschehen und Pr\u00e4vention (Polizei)<\/li>\n<li>gesundheitsf\u00f6rderne Projekte in allen Klassen<\/li>\n<li>\u201eH\u00f6rst du mir eigentlich richtig zu?\u201c (Kompetenztraining)<\/li>\n<\/ul>\n<p><strong>Mitgestaltung schulischer H\u00f6hepunkte:<\/strong><\/p>\n<ul>\n<li>Kennenlernwoche f\u00fcr die 5. Klassen<\/li>\n<li>Schulsportfest<\/li>\n<li>Schulfasching<\/li>\n<li>Mitgestaltung von Klassenleiterstunden<\/li>\n<li>Mitgestaltung von schulischen Projekten<\/li>\n<li>Teilnahme am \u201eTag der offenen T\u00fcr\u201c<\/li>\n<\/ul>\n<p><strong>Einzelfallhilfe:<\/strong><\/p>\n<ul>\n<li>Sch\u00fclerbeobachtungen im Unterricht<\/li>\n<li>sozialp\u00e4dagogische Einzelbetreuung<\/li>\n<li>Beratungsangebote f\u00fcr Sch\u00fcler, Eltern und Lehrkr\u00e4fte<\/li>\n<li>Vermittlung in weiterf\u00fchrende Hilfen<\/li>\n<li>Integrationshilfen f\u00fcr Sch\u00fcler mit Migrationshintergrund<\/li>\n<\/ul>\n<p><strong>Netzwerke:<\/strong><\/p>\n<ul>\n<li>Jugendamt, Kreisdiakonie, Pro Familia, MAT &#8211; Rostock, Schulpsychologischer Dienst, Familienhelfer, Odebrechtstiftung,Kreiskrankenhaus, Polizei, Stadtverwaltung Wolgast, Shia e.V., Jugendhaus Wolgast, Allianz, BARMER, CJD,Landesfachverband SSA, Agentur f\u00fcr Arbeit, Drogenberater der Volkssolidarit\u00e4t, Interventionsstelle Anklam, RSK Anklam<\/li>\n<\/ul>\n<div class=\"pdfprnt-buttons pdfprnt-buttons-page pdfprnt-bottom-right\"><a href=\"https:\/\/kosegartenschule.wolgast.de\/index.php\/wp-json\/wp\/v2\/pages\/110?print=pdf\" class=\"pdfprnt-button pdfprnt-button-pdf\" target=\"_blank\"><\/a><a href=\"https:\/\/kosegartenschule.wolgast.de\/index.php\/wp-json\/wp\/v2\/pages\/110?print=print\" class=\"pdfprnt-button pdfprnt-button-print\" target=\"_blank\"><img decoding=\"async\" src=\"https:\/\/kosegartenschule.wolgast.de\/wp-content\/plugins\/pdf-print\/images\/print.png\" alt=\"image_print\" title=\"Print Content\" \/><\/a><\/div>","protected":false},"excerpt":{"rendered":"<p>Schulsozialarbeit verfolgt das Ziel, Jungen und M\u00e4dchen in ihrer individuellen und sozialen Entwicklung unter Ber\u00fccksichtigung der unterschiedlichen Lebenslagen zu unterst\u00fctzen und zu f\u00f6rdern. Sie tr\u00e4gt dazu bei, soziale Benachteiligungen zu vermeiden bzw. abzubauen, indem sie Ausgrenzungen entgegenwirkt und Sch\u00fclern mit Migrationshintergrund bei der Integration in ihrem neuen Umfeld zur Seite steht. Sie unterst\u00fctzt die Sch\u00fcler und Sch\u00fclerinnen darin, ihre St\u00e4rken<\/p>\n","protected":false},"author":1,"featured_media":0,"parent":0,"menu_order":0,"comment_status":"closed","ping_status":"closed","template":"","meta":{"footnotes":""},"class_list":["post-110","page","type-page","status-publish","hentry"],"new_scheduled_revision":"","save_as_revision":"","_links":{"self":[{"href":"https:\/\/kosegartenschule.wolgast.de\/index.php\/wp-json\/wp\/v2\/pages\/110","targetHints":{"allow":["GET"]}}],"collection":[{"href":"https:\/\/kosegartenschule.wolgast.de\/index.php\/wp-json\/wp\/v2\/pages"}],"about":[{"href":"https:\/\/kosegartenschule.wolgast.de\/index.php\/wp-json\/wp\/v2\/types\/page"}],"author":[{"embeddable":true,"href":"https:\/\/kosegartenschule.wolgast.de\/index.php\/wp-json\/wp\/v2\/users\/1"}],"replies":[{"embeddable":true,"href":"https:\/\/kosegartenschule.wolgast.de\/index.php\/wp-json\/wp\/v2\/comments?post=110"}],"version-history":[{"count":2,"href":"https:\/\/kosegartenschule.wolgast.de\/index.php\/wp-json\/wp\/v2\/pages\/110\/revisions"}],"predecessor-version":[{"id":9417,"href":"https:\/\/kosegartenschule.wolgast.de\/index.php\/wp-json\/wp\/v2\/pages\/110\/revisions\/9417"}],"wp:attachment":[{"href":"https:\/\/kosegartenschule.wolgast.de\/index.php\/wp-json\/wp\/v2\/media?parent=110"}],"curies":[{"name":"wp","href":"https:\/\/api.w.org\/{rel}","templated":true}]}}

<p><strong>Schulsozialarbeit</strong> verfolgt das Ziel, Jungen und Mädchen in ihrer individuellen und sozialen Entwicklung unter Berücksichtigung der unterschiedlichen Lebenslagen zu unterstützen und zu fördern.</p>
<p>Sie trägt dazu bei, soziale Benachteiligungen zu vermeiden bzw. abzubauen, indem sie Ausgrenzungen entgegenwirkt und Schülern mit Migrationshintergrund bei der Integration in ihrem neuen Umfeld zur Seite steht.</p>
<p>Sie unterstützt die Schüler und Schülerinnen darin, ihre Stärken zu erkennen, Ressourcen zu erschließen und gibt Hilfe zur Selbsthilfe. Durch gezielte sozialpädagogische Hilfe leistet sie einen Beitrag zum erfolgreichen Abschluss der Schulzeit und einem gut vorbereiteten Übergang in die Berufsausbildung.</p>
<p>In enger Kooperation mit Eltern und Lehrern übernimmt die Schulsozialarbeit eine „Scharnierfunktion“ zwischen den Sozialisationsinstanzen. Sie fördert Eigeninitiative und Verantwortungsbewusstsein der Schülerinnen und Schüler.</p>
<p>Die Schulsozialarbeit leistet durch entsprechende Präventionsangebote einen Beitrag zum Kinderund Jugendschutz und trägt somit zur Umsetzung des gesundheitsfördernden Profils unserer Schule bei. Hierbei greift sie auf ein umfangreiches Netzwerk zurück.</p>
<p>Die Schulsozialarbeit richtet sich an alle Jungen und Mädchen der Schule, insbesondere jedoch an jene in besonderen Lebenssituationen. Zur Unterstützung der Arbeit der Schulsozialarbeiterin gibt es an unserer Schule „Streitschlichter“, an die sich die Schüler gleichfalls wenden können, um die Probleme zu lösen.</p>
<p><strong>Soziale Gruppenarbeit:</strong></p>
<ul>
<li>„Schwarzes Theater“ (erlebnisorientierte Inhalte)</li>
<li>Hausaufgaben- und Lernhilfe</li>
</ul>
<p><strong>Berufsfrühorientierung:</strong></p>
<ul>
<li>Vorbereitung „Girls day“ (Begleitung einer Gruppe)</li>
<li>Bewerbungs- und Orientierungshilfen</li>
<li>Vorbereitung und Begleitung des „Holzprojektes“</li>
<li>in Kooperation mit der Kreisdiakonie</li>
</ul>
<p><strong>Elternarbeit:</strong></p>
<ul>
<li>Teilnahme an Elternsprechtagen und Elternversammlungen</li>
<li>Vorbereitung der Gesamtelternversammlung</li>
<li>Beratungsgespräche und Vermittlungshilfen</li>
</ul>
<p><strong>Präventionsangebote:</strong></p>
<ul>
<li>Anti-Gewalt-Projekt (Interventionsstelle)</li>
<li>„Babybedenkzeit“ (Prävention v. Teenagerschwangerschaften)</li>
<li>&#8222;Süchte“ (Drogenberatung &#8211; Volkssolidarität Anklam)</li>
<li>Unfallgeschehen und Prävention (Polizei)</li>
<li>gesundheitsförderne Projekte in allen Klassen</li>
<li>„Hörst du mir eigentlich richtig zu?“ (Kompetenztraining)</li>
</ul>
<p><strong>Mitgestaltung schulischer Höhepunkte:</strong></p>
<ul>
<li>Kennenlernwoche für die 5. Klassen</li>
<li>Schulsportfest</li>
<li>Schulfasching</li>
<li>Mitgestaltung von Klassenleiterstunden</li>
<li>Mitgestaltung von schulischen Projekten</li>
<li>Teilnahme am „Tag der offenen Tür“</li>
</ul>
<p><strong>Einzelfallhilfe:</strong></p>
<ul>
<li>Schülerbeobachtungen im Unterricht</li>
<li>sozialpädagogische Einzelbetreuung</li>
<li>Beratungsangebote für Schüler, Eltern und Lehrkräfte</li>
<li>Vermittlung in weiterführende Hilfen</li>
<li>Integrationshilfen für Schüler mit Migrationshintergrund</li>
</ul>
<p><strong>Netzwerke:</strong></p>
<ul>
<li>Jugendamt, Kreisdiakonie, Pro Familia, MAT &#8211; Rostock, Schulpsychologischer Dienst, Familienhelfer, Odebrechtstiftung,Kreiskrankenhaus, Polizei, Stadtverwaltung Wolgast, Shia e.V., Jugendhaus Wolgast, Allianz, BARMER, CJD,Landesfachverband SSA, Agentur für Arbeit, Drogenberater der Volkssolidarität, Interventionsstelle Anklam, RSK Anklam</li>
</ul>
<div class="pdfprnt-buttons pdfprnt-buttons-page pdfprnt-bottom-right"><a href="https://kosegartenschule.wolgast.de/index.php/wp-json/wp/v2/pages/110?print=pdf" class="pdfprnt-button pdfprnt-button-pdf" target="_blank"></a><a href="https://kosegartenschule.wolgast.de/index.php/wp-json/wp/v2/pages/110?print=print" class="pdfprnt-button pdfprnt-button-print" target="_blank"><img decoding="async" src="https://kosegartenschule.wolgast.de/wp-content/plugins/pdf-print/images/print.png" alt="image_print" title="Print Content" /></a></div>

<p>Schulsozialarbeit verfolgt das Ziel, Jungen und Mädchen in ihrer individuellen und sozialen Entwicklung unter Berücksichtigung der unterschiedlichen Lebenslagen zu unterstützen und zu fördern. Sie trägt dazu bei, soziale Benachteiligungen zu vermeiden bzw. abzubauen, indem sie Ausgrenzungen entgegenwirkt und Schülern mit Migrationshintergrund bei der Integration in ihrem neuen Umfeld zur Seite steht. Sie unterstützt die Schüler und Schülerinnen darin, ihre Stärken</p>
