{"id":11628,"date":"2025-09-28T16:59:45","date_gmt":"2025-09-28T14:59:45","guid":{"rendered":"https:\/\/kosegartenschule.wolgast.de\/?page_id=11628"},"modified":"2025-11-19T19:09:02","modified_gmt":"2025-11-19T18:09:02","slug":"schulfoerderverein","status":"publish","type":"page","link":"https:\/\/kosegartenschule.wolgast.de\/index.php\/schulfoerderverein\/","title":{"rendered":"Schulf\u00f6rderverein"},"content":{"rendered":"<p><img loading=\"lazy\" decoding=\"async\" class=\"wp-image-11758 size-medium\" title=\"Screenshot\" src=\"http:\/\/kosegartenschule.wolgast.de\/wp-content\/uploads\/2025\/11\/IMG_2624-e1763496443838-300x270.jpg\" alt=\"\" width=\"300\" height=\"270\" srcset=\"https:\/\/kosegartenschule.wolgast.de\/wp-content\/uploads\/2025\/11\/IMG_2624-e1763496443838-300x270.jpg 300w, https:\/\/kosegartenschule.wolgast.de\/wp-content\/uploads\/2025\/11\/IMG_2624-e1763496443838-768x692.jpg 768w, https:\/\/kosegartenschule.wolgast.de\/wp-content\/uploads\/2025\/11\/IMG_2624-e1763496443838.jpg 1004w\" sizes=\"auto, (max-width: 300px) 100vw, 300px\" \/><\/p>\n<p>Der Schulf\u00f6rderverein der Regionalen Schule &#8222;G. L. Th. Kosegarten&#8220;, Wolgast, ist ein gemeinn\u00fctziger Verein, der unsere Schule in den unterschiedlichsten Bereichen unterst\u00fctzt.<\/p>\n<p>Werden Sie Mitglied und unterst\u00fctzen Sie den Verein und damit die Sch\u00fcler der Kosegartenschule Wolgast!<\/p>\n<p>Kontakt: foerdervereinkosegarten@gmx.de<\/p>\n<p><img loading=\"lazy\" decoding=\"async\" class=\"size-full wp-image-11757\" title=\"Screenshot\" src=\"http:\/\/kosegartenschule.wolgast.de\/wp-content\/uploads\/2025\/11\/IMG_2626.jpg\" alt=\"\" width=\"1247\" height=\"1792\" \/><\/p>\n<h4><strong>Projekt 2025: Neue Sitzm\u00f6glichkeiten f\u00fcr den Schulhof<\/strong><\/h4>\n<p>Unser Schulf\u00f6rderverein hat neue gro\u00dfe Plattformen zum Sitzen erstellt. Im hinteren Bereich des Schulhofes, wo sich vor allem die j\u00fcngeren Sch\u00fcler aufhalten, fehlte bisher eine M\u00f6glichkeit zum Ausruhen. Den Wunsch verk\u00fcndeten die Sch\u00fcler*innen in der Sch\u00fclerratssitzung, woraufhin die engagierten Eltern des Schulf\u00f6rdervereins Pl\u00e4ne schmiedeten und gemeinsam die gro\u00dfe Plattform erstellten.<\/p>\n<p>Ein Dank an die weiteren Sponsoren: hagebaumarkt Wolgast, HTV GmbH, Hadrian GmbH &amp; Co. KG.<\/p>\n<p><img loading=\"lazy\" decoding=\"async\" class=\"alignnone wp-image-11760 size-full\" title=\"PHOTO-2025-09-09-17-59-24 (002)\" src=\"http:\/\/kosegartenschule.wolgast.de\/wp-content\/uploads\/2025\/11\/PHOTO-2025-09-09-17-59-24-002-e1763497370757.jpg\" alt=\"\" width=\"1193\" height=\"1438\" srcset=\"https:\/\/kosegartenschule.wolgast.de\/wp-content\/uploads\/2025\/11\/PHOTO-2025-09-09-17-59-24-002-e1763497370757.jpg 1193w, https:\/\/kosegartenschule.wolgast.de\/wp-content\/uploads\/2025\/11\/PHOTO-2025-09-09-17-59-24-002-e1763497370757-249x300.jpg 249w, https:\/\/kosegartenschule.wolgast.de\/wp-content\/uploads\/2025\/11\/PHOTO-2025-09-09-17-59-24-002-e1763497370757-768x926.jpg 768w, https:\/\/kosegartenschule.wolgast.de\/wp-content\/uploads\/2025\/11\/PHOTO-2025-09-09-17-59-24-002-e1763497370757-850x1024.jpg 850w\" sizes=\"auto, (max-width: 1193px) 100vw, 1193px\" \/><\/p>\n<p>Quelle: Schulf\u00f6rderverein Regionale Schule G. L. Th. Kosegarten Wolgast<\/p>\n<p>&nbsp;<\/p>\n<div class=\"pdfprnt-buttons pdfprnt-buttons-page pdfprnt-bottom-right\"><a href=\"https:\/\/kosegartenschule.wolgast.de\/index.php\/wp-json\/wp\/v2\/pages\/11628?print=pdf\" class=\"pdfprnt-button pdfprnt-button-pdf\" target=\"_blank\"><\/a><a href=\"https:\/\/kosegartenschule.wolgast.de\/index.php\/wp-json\/wp\/v2\/pages\/11628?print=print\" class=\"pdfprnt-button pdfprnt-button-print\" target=\"_blank\"><img decoding=\"async\" src=\"https:\/\/kosegartenschule.wolgast.de\/wp-content\/plugins\/pdf-print\/images\/print.png\" alt=\"image_print\" title=\"Print Content\" \/><\/a><\/div>","protected":false},"excerpt":{"rendered":"<p>Der Schulf\u00f6rderverein der Regionalen Schule &#8222;G. L. Th. Kosegarten&#8220;, Wolgast, ist ein gemeinn\u00fctziger Verein, der unsere Schule in den unterschiedlichsten Bereichen unterst\u00fctzt. Werden Sie Mitglied und unterst\u00fctzen Sie den Verein und damit die Sch\u00fcler der Kosegartenschule Wolgast! Kontakt: foerdervereinkosegarten@gmx.de Projekt 2025: Neue Sitzm\u00f6glichkeiten f\u00fcr den Schulhof Unser Schulf\u00f6rderverein hat neue gro\u00dfe Plattformen zum Sitzen erstellt. Im hinteren Bereich des Schulhofes,<\/p>\n","protected":false},"author":49,"featured_media":0,"parent":0,"menu_order":0,"comment_status":"closed","ping_status":"closed","template":"","meta":{"footnotes":""},"class_list":["post-11628","page","type-page","status-publish","hentry"],"new_scheduled_revision":"","save_as_revision":"","_links":{"self":[{"href":"https:\/\/kosegartenschule.wolgast.de\/index.php\/wp-json\/wp\/v2\/pages\/11628","targetHints":{"allow":["GET"]}}],"collection":[{"href":"https:\/\/kosegartenschule.wolgast.de\/index.php\/wp-json\/wp\/v2\/pages"}],"about":[{"href":"https:\/\/kosegartenschule.wolgast.de\/index.php\/wp-json\/wp\/v2\/types\/page"}],"author":[{"embeddable":true,"href":"https:\/\/kosegartenschule.wolgast.de\/index.php\/wp-json\/wp\/v2\/users\/49"}],"replies":[{"embeddable":true,"href":"https:\/\/kosegartenschule.wolgast.de\/index.php\/wp-json\/wp\/v2\/comments?post=11628"}],"version-history":[{"count":14,"href":"https:\/\/kosegartenschule.wolgast.de\/index.php\/wp-json\/wp\/v2\/pages\/11628\/revisions"}],"predecessor-version":[{"id":11772,"href":"https:\/\/kosegartenschule.wolgast.de\/index.php\/wp-json\/wp\/v2\/pages\/11628\/revisions\/11772"}],"wp:attachment":[{"href":"https:\/\/kosegartenschule.wolgast.de\/index.php\/wp-json\/wp\/v2\/media?parent=11628"}],"curies":[{"name":"wp","href":"https:\/\/api.w.org\/{rel}","templated":true}]}}