{"id":94,"date":"2017-01-09T19:37:42","date_gmt":"2017-01-09T18:37:42","guid":{"rendered":"http:\/\/install.wolgast.de\/wordpress\/?page_id=94"},"modified":"2017-01-11T17:39:20","modified_gmt":"2017-01-11T16:39:20","slug":"informationen-von-a-z","status":"publish","type":"page","link":"https:\/\/kosegartenschule.wolgast.de\/index.php\/informationen-von-a-z\/","title":{"rendered":"Informationen von A-Z"},"content":{"rendered":"<div class=\"hrf-faq-list\"><article class=\"hrf-entry\" id=\"hrf-entry-263\">\n                      <h3 class=\"hrf-title close-faq\" data-content-id=\"hrf-content-263\"><span><\/span>Informationen: Klasse 5<\/h3>\n                     <div class=\"hrf-content\" id=\"hrf-content-263\"><p>Liebe Sorge- und Erziehungsberechtigte der Sch\u00fclerinnen und Sch\u00fcler der angehenden 5. Klassen.<\/p>\n<p>Hier finden Sie die Informationen zum neuen Schuljahr.<\/p>\n<\/div>\n                  <\/article><article class=\"hrf-entry\" id=\"hrf-entry-266\">\n                      <h3 class=\"hrf-title close-faq\" data-content-id=\"hrf-content-266\"><span><\/span>Elternvertretung<\/h3>\n                     <div class=\"hrf-content\" id=\"hrf-content-266\"><p>Die Elternvertretung finden Sie in der Schulkonferenz:<\/p>\n\n<table id=\"tablepress-5\" class=\"tablepress tablepress-id-5\">\n<tbody class=\"row-hover\">\n<tr class=\"row-1 odd\">\n\t<td class=\"column-1\"><\/td><td class=\"column-2\"><\/td><td class=\"column-3\"><\/td>\n<\/tr>\n<\/tbody>\n<\/table>\n<!-- #tablepress-5 from cache -->\n<\/div>\n                  <\/article><article class=\"hrf-entry\" id=\"hrf-entry-267\">\n                      <h3 class=\"hrf-title close-faq\" data-content-id=\"hrf-content-267\"><span><\/span>Schulkonferenz<\/h3>\n                     <div class=\"hrf-content\" id=\"hrf-content-267\"><p>Die Schulkonferenz setzt sich wie folgt zusammen:<\/p>\n\n<table id=\"tablepress-5-no-2\" class=\"tablepress tablepress-id-5\">\n<tbody class=\"row-hover\">\n<tr class=\"row-1 odd\">\n\t<td class=\"column-1\"><\/td><td class=\"column-2\"><\/td><td class=\"column-3\"><\/td>\n<\/tr>\n<\/tbody>\n<\/table>\n<!-- #tablepress-5-no-2 from cache -->\n<\/div>\n                  <\/article><article class=\"hrf-entry\" id=\"hrf-entry-269\">\n                      <h3 class=\"hrf-title close-faq\" data-content-id=\"hrf-content-269\"><span><\/span>Konfliktvermittler<\/h3>\n                     <div class=\"hrf-content\" id=\"hrf-content-269\"><p>Solltest du Probleme haben, schau bei der Schulsozialarbeit vorbei und erkundige dich nach unseren Konfliktvermittlern.<\/p>\n<\/div>\n                  <\/article><article class=\"hrf-entry\" id=\"hrf-entry-577\">\n                      <h3 class=\"hrf-title close-faq\" data-content-id=\"hrf-content-577\"><span><\/span>Fehltage<\/h3>\n                     <div class=\"hrf-content\" id=\"hrf-content-577\"><p>Bitte entschuldigen Sie Ihr Kind bei Krankheit am Tage des Fernbleibens telefonisch unter 03836 \/ 202168 im Sekretariat der Schule. Der Klassenlehrer wird dann umgehend durch unsere Sekret\u00e4rin dar\u00fcber informiert. Legen Sie bitte sp\u00e4testens am dritten Tag nach Wiedererscheinen Ihres Kindes in der Schule eine schriftliche Entschuldigung f\u00fcr das Fernbleiben mit den genauen Daten (von &#8211; bis), f\u00fcr die die Entschuldigung G\u00fcltigkeit hat, durch Ihr Kind beim Klassenlehrer vor. In besonderen F\u00e4llen k\u00f6nnen \u00e4rztliche und amts\u00e4rztliche Atteste gefordert werden. Bitte haben Sie daf\u00fcr Verst\u00e4ndnis, dass wir bei Nichtbeachten dieser Bestimmungen nach dem Schulgesetz des Landes Mecklenburg-Vorpommern die Fehltage als unentschuldigt im Zeugnis vermerken m\u00fcssen. <\/p>\n<\/div>\n                  <\/article><article class=\"hrf-entry\" id=\"hrf-entry-578\">\n                      <h3 class=\"hrf-title close-faq\" data-content-id=\"hrf-content-578\"><span><\/span>Beurlaubung<\/h3>\n                     <div class=\"hrf-content\" id=\"hrf-content-578\"><p>Bis zu 2 Tagen erfolgt die Beurlaubung des Sch\u00fclers \u00fcber den Klassenlehrer; bei mehr als 2 Tagen stellen Sie Ihren Antrag bitte beim Schulleiter, um eine Beurlaubung Ihres Kindes vom Schulbesuch zu erreichen. Laut Schulgesetz unseres Bundeslandes erfolgt eine Beurlaubung vom Unterricht direkt vor bzw. im Anschluss an Ferien nicht, in Ausnahmef\u00e4llen kann aber eine Beurlaubung aus nachvollziehbaren Gr\u00fcnden nur vom Schulleiter ausgesprochen werden. In einem solchen Fall geben Sie den Antrag bitte mindestens 10 Tage vorher mit Angabe des Grundes in der Schulleitung ab. Ansonsten gelten die Fehltage als unentschuldigt. <\/p>\n<\/div>\n                  <\/article><article class=\"hrf-entry\" id=\"hrf-entry-582\">\n                      <h3 class=\"hrf-title close-faq\" data-content-id=\"hrf-content-582\"><span><\/span>Schulgesetz f\u00fcr Mecklenburg-Vorpommern<\/h3>\n                     <div class=\"hrf-content\" id=\"hrf-content-582\"><p>Das Schulgesetz f\u00fcr Mecklenburg-Vorpommern finden Sie auf den Seiten von\u00a0 <a href=\"http:\/\/www.landesrecht-mv.de\/jportal\/portal\/page\/bsmvprod.psml?showdoccase=1&amp;doc.id=jlr-SchulGMV2010rahmen&amp;doc.part=X&amp;doc.origin=bs&amp;st=lr\">http:\/\/www.landesrecht-mv.de<\/a><\/p>\n<\/div>\n                  <\/article><article class=\"hrf-entry\" id=\"hrf-entry-590\">\n                      <h3 class=\"hrf-title close-faq\" data-content-id=\"hrf-content-590\"><span><\/span>Mitbestimmung an unserer Schule<\/h3>\n                     <div class=\"hrf-content\" id=\"hrf-content-590\"><p>Eltern k\u00f6nnen im Elternrat ihrer jeweiligen Klassen oder in der Gesamtelternvertretung und somit im Schulrat mitbestimmen an unserer Schule. Wir freuen uns \u00fcber Ihre Mithilfe und Mitgestaltung. <\/p>\n<p>Sch\u00fcler k\u00f6nnen sich zur Wahl als Klassensprecher stellen und so an der Gestaltung in der Klasse mitwirken. Au\u00dfderem kann jeder erste Klassensprecher \u00fcber den Sch\u00fclerrat auf Schulebene Ideen einbringen und umsetzen!<\/p>\n<\/div>\n                  <\/article><article class=\"hrf-entry\" id=\"hrf-entry-2008\">\n                      <h3 class=\"hrf-title close-faq\" data-content-id=\"hrf-content-2008\"><span><\/span>Nachschreiben<\/h3>\n                     <div class=\"hrf-content\" id=\"hrf-content-2008\"><p>Klassenarbeiten m\u00fcssen nachgeschrieben werden, andere Leistungen k\u00f6nnen je nach Bedarf nachgeschrieben werden.<\/p>\n<p>Das Nachschreiben findet am Montag, in der 7. Stunde ab 13:30 Uhr in Raum 214 statt.<\/p>\n<\/div>\n                  <\/article><article class=\"hrf-entry\" id=\"hrf-entry-9411\">\n                      <h3 class=\"hrf-title close-faq\" data-content-id=\"hrf-content-9411\"><span><\/span>its learing &#8211; Lernmanagementsystem<\/h3>\n                     <div class=\"hrf-content\" id=\"hrf-content-9411\"><p><a href=\"https:\/\/mv.itslearning.com\/\">https:\/\/mv.itslearning.com\/<\/a><\/p>\n<\/div>\n                  <\/article><\/div>\n<p>&nbsp;<\/p>\n<div class=\"pdfprnt-buttons pdfprnt-buttons-page pdfprnt-bottom-right\"><a href=\"https:\/\/kosegartenschule.wolgast.de\/index.php\/wp-json\/wp\/v2\/pages\/94?print=pdf\" class=\"pdfprnt-button pdfprnt-button-pdf\" target=\"_blank\"><\/a><a href=\"https:\/\/kosegartenschule.wolgast.de\/index.php\/wp-json\/wp\/v2\/pages\/94?print=print\" class=\"pdfprnt-button pdfprnt-button-print\" target=\"_blank\"><img decoding=\"async\" src=\"https:\/\/kosegartenschule.wolgast.de\/wp-content\/plugins\/pdf-print\/images\/print.png\" alt=\"image_print\" title=\"Print Content\" \/><\/a><\/div>","protected":false},"excerpt":{"rendered":"<p>&nbsp;<\/p>\n","protected":false},"author":1,"featured_media":0,"parent":0,"menu_order":0,"comment_status":"closed","ping_status":"closed","template":"","meta":{"footnotes":""},"class_list":["post-94","page","type-page","status-publish","hentry"],"new_scheduled_revision":"","save_as_revision":"","_links":{"self":[{"href":"https:\/\/kosegartenschule.wolgast.de\/index.php\/wp-json\/wp\/v2\/pages\/94","targetHints":{"allow":["GET"]}}],"collection":[{"href":"https:\/\/kosegartenschule.wolgast.de\/index.php\/wp-json\/wp\/v2\/pages"}],"about":[{"href":"https:\/\/kosegartenschule.wolgast.de\/index.php\/wp-json\/wp\/v2\/types\/page"}],"author":[{"embeddable":true,"href":"https:\/\/kosegartenschule.wolgast.de\/index.php\/wp-json\/wp\/v2\/users\/1"}],"replies":[{"embeddable":true,"href":"https:\/\/kosegartenschule.wolgast.de\/index.php\/wp-json\/wp\/v2\/comments?post=94"}],"version-history":[{"count":0,"href":"https:\/\/kosegartenschule.wolgast.de\/index.php\/wp-json\/wp\/v2\/pages\/94\/revisions"}],"wp:attachment":[{"href":"https:\/\/kosegartenschule.wolgast.de\/index.php\/wp-json\/wp\/v2\/media?parent=94"}],"curies":[{"name":"wp","href":"https:\/\/api.w.org\/{rel}","templated":true}]}}

<div class="hrf-faq-list"><article class="hrf-entry" id="hrf-entry-263">
                      <h3 class="hrf-title close-faq" data-content-id="hrf-content-263"><span></span>Informationen: Klasse 5</h3>
                     <div class="hrf-content" id="hrf-content-263"><p>Liebe Sorge- und Erziehungsberechtigte der Schülerinnen und Schüler der angehenden 5. Klassen.</p>
<p>Hier finden Sie die Informationen zum neuen Schuljahr.</p>
</div>
                  </article><article class="hrf-entry" id="hrf-entry-266">
                      <h3 class="hrf-title close-faq" data-content-id="hrf-content-266"><span></span>Elternvertretung</h3>
                     <div class="hrf-content" id="hrf-content-266"><p>Die Elternvertretung finden Sie in der Schulkonferenz:</p>

<table id="tablepress-5" class="tablepress tablepress-id-5">
<tbody class="row-hover">
<tr class="row-1 odd">
	<td class="column-1"></td><td class="column-2"></td><td class="column-3"></td>
</tr>
</tbody>
</table>
<!-- #tablepress-5 from cache -->
</div>
                  </article><article class="hrf-entry" id="hrf-entry-267">
                      <h3 class="hrf-title close-faq" data-content-id="hrf-content-267"><span></span>Schulkonferenz</h3>
                     <div class="hrf-content" id="hrf-content-267"><p>Die Schulkonferenz setzt sich wie folgt zusammen:</p>

<table id="tablepress-5-no-2" class="tablepress tablepress-id-5">
<tbody class="row-hover">
<tr class="row-1 odd">
	<td class="column-1"></td><td class="column-2"></td><td class="column-3"></td>
</tr>
</tbody>
</table>
<!-- #tablepress-5-no-2 from cache -->
</div>
                  </article><article class="hrf-entry" id="hrf-entry-269">
                      <h3 class="hrf-title close-faq" data-content-id="hrf-content-269"><span></span>Konfliktvermittler</h3>
                     <div class="hrf-content" id="hrf-content-269"><p>Solltest du Probleme haben, schau bei der Schulsozialarbeit vorbei und erkundige dich nach unseren Konfliktvermittlern.</p>
</div>
                  </article><article class="hrf-entry" id="hrf-entry-577">
                      <h3 class="hrf-title close-faq" data-content-id="hrf-content-577"><span></span>Fehltage</h3>
                     <div class="hrf-content" id="hrf-content-577"><p>Bitte entschuldigen Sie Ihr Kind bei Krankheit am Tage des Fernbleibens telefonisch unter 03836 / 202168 im Sekretariat der Schule. Der Klassenlehrer wird dann umgehend durch unsere Sekretärin darüber informiert. Legen Sie bitte spätestens am dritten Tag nach Wiedererscheinen Ihres Kindes in der Schule eine schriftliche Entschuldigung für das Fernbleiben mit den genauen Daten (von &#8211; bis), für die die Entschuldigung Gültigkeit hat, durch Ihr Kind beim Klassenlehrer vor. In besonderen Fällen können ärztliche und amtsärztliche Atteste gefordert werden. Bitte haben Sie dafür Verständnis, dass wir bei Nichtbeachten dieser Bestimmungen nach dem Schulgesetz des Landes Mecklenburg-Vorpommern die Fehltage als unentschuldigt im Zeugnis vermerken müssen. </p>
</div>
                  </article><article class="hrf-entry" id="hrf-entry-578">
                      <h3 class="hrf-title close-faq" data-content-id="hrf-content-578"><span></span>Beurlaubung</h3>
                     <div class="hrf-content" id="hrf-content-578"><p>Bis zu 2 Tagen erfolgt die Beurlaubung des Schülers über den Klassenlehrer; bei mehr als 2 Tagen stellen Sie Ihren Antrag bitte beim Schulleiter, um eine Beurlaubung Ihres Kindes vom Schulbesuch zu erreichen. Laut Schulgesetz unseres Bundeslandes erfolgt eine Beurlaubung vom Unterricht direkt vor bzw. im Anschluss an Ferien nicht, in Ausnahmefällen kann aber eine Beurlaubung aus nachvollziehbaren Gründen nur vom Schulleiter ausgesprochen werden. In einem solchen Fall geben Sie den Antrag bitte mindestens 10 Tage vorher mit Angabe des Grundes in der Schulleitung ab. Ansonsten gelten die Fehltage als unentschuldigt. </p>
</div>
                  </article><article class="hrf-entry" id="hrf-entry-582">
                      <h3 class="hrf-title close-faq" data-content-id="hrf-content-582"><span></span>Schulgesetz für Mecklenburg-Vorpommern</h3>
                     <div class="hrf-content" id="hrf-content-582"><p>Das Schulgesetz für Mecklenburg-Vorpommern finden Sie auf den Seiten von  <a href="http://www.landesrecht-mv.de/jportal/portal/page/bsmvprod.psml?showdoccase=1&amp;doc.id=jlr-SchulGMV2010rahmen&amp;doc.part=X&amp;doc.origin=bs&amp;st=lr">http://www.landesrecht-mv.de</a></p>
</div>
                  </article><article class="hrf-entry" id="hrf-entry-590">
                      <h3 class="hrf-title close-faq" data-content-id="hrf-content-590"><span></span>Mitbestimmung an unserer Schule</h3>
                     <div class="hrf-content" id="hrf-content-590"><p>Eltern können im Elternrat ihrer jeweiligen Klassen oder in der Gesamtelternvertretung und somit im Schulrat mitbestimmen an unserer Schule. Wir freuen uns über Ihre Mithilfe und Mitgestaltung. </p>
<p>Schüler können sich zur Wahl als Klassensprecher stellen und so an der Gestaltung in der Klasse mitwirken. Außderem kann jeder erste Klassensprecher über den Schülerrat auf Schulebene Ideen einbringen und umsetzen!</p>
</div>
                  </article><article class="hrf-entry" id="hrf-entry-2008">
                      <h3 class="hrf-title close-faq" data-content-id="hrf-content-2008"><span></span>Nachschreiben</h3>
                     <div class="hrf-content" id="hrf-content-2008"><p>Klassenarbeiten müssen nachgeschrieben werden, andere Leistungen können je nach Bedarf nachgeschrieben werden.</p>
<p>Das Nachschreiben findet am Montag, in der 7. Stunde ab 13:30 Uhr in Raum 214 statt.</p>
</div>
                  </article><article class="hrf-entry" id="hrf-entry-9411">
                      <h3 class="hrf-title close-faq" data-content-id="hrf-content-9411"><span></span>its learing &#8211; Lernmanagementsystem</h3>
                     <div class="hrf-content" id="hrf-content-9411"><p><a href="https://mv.itslearning.com/">https://mv.itslearning.com/</a></p>
</div>
                  </article></div>
<p>&nbsp;</p>
<div class="pdfprnt-buttons pdfprnt-buttons-page pdfprnt-bottom-right"><a href="https://kosegartenschule.wolgast.de/index.php/wp-json/wp/v2/pages/94?print=pdf" class="pdfprnt-button pdfprnt-button-pdf" target="_blank"></a><a href="https://kosegartenschule.wolgast.de/index.php/wp-json/wp/v2/pages/94?print=print" class="pdfprnt-button pdfprnt-button-print" target="_blank"><img decoding="async" src="https://kosegartenschule.wolgast.de/wp-content/plugins/pdf-print/images/print.png" alt="image_print" title="Print Content" /></a></div>
